q(a) = 4*a - 5*a**2 - a**2 - 4*a**3 + 5*a**3 + 8 + 1. Let w be q(5). Suppose -w*o + 574 = -o - 5*i, 5*i + 10 = 0. What are the prime factors of o?
2, 47
Suppose 6*k = 19987 + 23579. What are the prime factors of k?
53, 137
Let w = 68 - 69. Let l be w*(0 - 3/(12/4)). List the prime factors of -4 - 32/((-22)/(-26) - l).
2, 3, 17
Let i(q) = 120*q**3 - 2*q**2 - 84*q - 21. List the prime factors of i(7).
7, 5779
Suppose 344 + 48 = 4*v + 5*o, 101 = v + 2*o. Let h = v - 89. Let l = h + 126. List the prime factors of l.
2, 5, 13
Let o(y) = -y - 2*y + 2*y + 3*y**2 - 5*y - y**3. Let r be o(4). List the prime factors of 38/(5*(-4)/r).
2, 19
Let k be (-11)/44 - 1/((-8)/1026). Let z = -670 - -1250. Suppose -h = -3*d - k, 6*h - z = h - 5*d. What are the prime factors of h?
7, 17
Let v be 6/21 + 2 + 24/14. Let b(a) = 5*a**2 - v*a**2 - 12*a - 17*a + 27*a - 1. What are the prime factors of b(4)?
7
Suppose 142767 + 65147 = 46*u - 773312. What are the prime factors of u?
83, 257
Let a = -7 + 12. Suppose a*j + p - 695 = -p, -5*j - 5*p = -710. Suppose 4*b - 5 = -q + 106, 0 = -5*b - 3*q + j. List the prime factors of b.
2, 7
Suppose 7690 = -4*p + 24306. What are the prime factors of p?
2, 31, 67
Suppose 273*g - 208*g = 409825. What are the prime factors of g?
5, 13, 97
Let l = -11749 + 20485. List the prime factors of l.
2, 3, 7, 13
Let i = 19499 + -5798. What are the prime factors of i?
3, 4567
Let j(v) = -387*v**3 + 3*v**2 - 5*v - 7. What are the prime factors of j(-1)?
2, 97
Let j(i) = i**2 + 3*i - 5. Let h be j(2). Suppose -13*a + 7064 = -h*a. What are the prime factors of a?
883
Suppose -120*y - 26620 = -125*y. List the prime factors of y.
2, 11
Let x = 154 - 149. Let t(n) = 3*n**2 + 3*n + 7. Let w be t(-7). Suppose 5*a = -14 - 1, -x*g = 4*a - w. List the prime factors of g.
29
Let x(s) = -s**3 + 7*s**2 - 11*s - 2. Let c be x(3). Let u(p) = 345*p - 11. What are the prime factors of u(c)?
2, 167
Let c = -15 + -53. Let x be (c/(-51))/(2/(-6)). What are the prime factors of x/4 - -62*(-2)/(-4)?
2, 3, 5
Let x = 44564 + -34695. List the prime factors of x.
71, 139
Suppose -n = 2*n - 3681. Suppose -n = -4*o + o - i, 5*i = 2*o - 818. What are the prime factors of o?
409
Let z(x) = -26*x**2 - 3*x + 2*x**3 + 0*x**3 - 33*x**2 + 16 + 45*x**2. List the prime factors of z(12).
2, 5, 71
Let u(x) = 3*x**3 + 45*x**2 - 80*x + 159. Let h(o) = 2*o**3 + 30*o**2 - 53*o + 106. Let a(q) = -7*h(q) + 5*u(q). List the prime factors of a(-15).
2, 61
Let t = 56 - 51. Suppose -5*x + 4133 = 4*f, t*x + 5*f = x + 3301. List the prime factors of x.
829
Suppose 20*i - 17*i = c - 7767, -5*c + 2*i = -38939. List the prime factors of c.
3, 7, 53
Let k = 49910 + -21838. List the prime factors of k.
2, 11, 29
Let t(q) = 43*q - 35. Let m be t(11). Suppose m = s + 4*b, 2*s + 3*b - 846 = b. What are the prime factors of s?
2, 11, 19
Let s(n) = -n**3 - 6*n**2 - 8*n. Let q be s(-7). Suppose -2*i + 46 = 5*k - q, 2*i = 2*k + 130. Suppose 5*h + i - 758 = 0. What are the prime factors of h?
2, 3, 23
Let z(g) = 95*g**2 + g. Let p be z(2). Suppose -5*w + 8*w + 2*x - 287 = 0, w - 92 = 3*x. Suppose -3*c + w + p = 0. What are the prime factors of c?
3, 53
Let b = -12082 + 11970. Let v(q) = 49*q - 3. Let w be v(3). Let j = w + b. What are the prime factors of j?
2
Let x = 4506 + -3088. List the prime factors of x.
2, 709
Let n(c) = 4*c**2 + 31*c - 52. Let s be n(14). Let r = -346 + s. List the prime factors of r.
2, 5, 41
Let m = 96 + -96. Suppose -8*b + 6*b = m. Suppose 946 = 5*f + 2*x, -5*f + b*f - 4*x = -952. List the prime factors of f.
2, 47
Suppose 1315893 + 2304789 = 234*g. What are the prime factors of g?
15473
Let k = 1 + 4. Suppose -12 = -4*j + 3*t - 4*t, k*j - 26 = -4*t. List the prime factors of j.
2
Let t(o) = 94*o - 3. Let z(q) = -q**3 - 5*q**2 - q + 8. Let v be z(-5). Suppose -d + 6 = -a - 0*a, -3*d + v = -2*a. What are the prime factors of t(d)?
7, 13
Suppose k - 4*q = 578, -k + 2*q + 3*q + 573 = 0. Suppose -3*f = -i + 125, 4*i + 158 - k = -3*f. List the prime factors of i.
113
Let o = -435 - -17390. What are the prime factors of o?
5, 3391
List the prime factors of (3/(-6) - 195/30) + 1449.
2, 7, 103
Suppose 2*x - 808 = a + 893, -35 = 5*a. What are the prime factors of x?
7, 11
Let o(v) = 18*v. Let l(w) = -10*w - 20. Suppose 3*i = -19 + 10. Let s be l(i). What are the prime factors of o(s)?
2, 3, 5
Let t be (-9 - -7)*((-2)/(-2))/(-1). Let d be t*18/12 + (-7 - -1). List the prime factors of 8/(-12) + (d - (-203)/3).
2
Let t(d) = -3016*d + 206. List the prime factors of t(-2).
2, 3119
Let i = -106 - -111. Let x(z) = -13*z + 71. Let f(s) = -19*s + 106. Let t(w) = i*f(w) - 8*x(w). List the prime factors of t(15).
97
Suppose 15976 = -10*p + 56466. What are the prime factors of p?
4049
Let a be ((-90)/54)/(5/(-36)). Suppose 20 = -5*v, -2*v - a + 4 = g. Suppose -3*s - 2*n + 679 = g, 390 - 1527 = -5*s - 2*n. List the prime factors of s.
229
Suppose 0 = -4*l - 0*l - 200. Suppose 3*u + 77 = -190. Let m = l - u. List the prime factors of m.
3, 13
Let w = 10965 + -2324. What are the prime factors of w?
8641
Let z be -8 + ((-10)/4)/(4/8). List the prime factors of (-781850)/(-650) + (-2)/z.
3, 401
Suppose c = 4 - 9, 4*h - 5*c - 1501 = 0. Suppose 6297 = -62*t - 8583. Let k = h + t. What are the prime factors of k?
3, 43
Let r(p) = -13*p + 15. Let b be r(-10). Suppose -2*n - 2*x = -33 - 17, 5*x + b = 5*n. List the prime factors of ((-114)/(-5))/(n/90).
2, 19
Suppose -4*r = -4*t + 624, 6*t = t - 4*r + 735. Let v = 29 + t. Suppose -p = n - 75, -2*n + 6*n = 2*p - v. What are the prime factors of p?
2, 5
Let j = 7 + -37. Let u be 7/28 + 265/(-20) + 4. Let b = u - j. What are the prime factors of b?
3, 7
Let f(n) = n**2 - 16*n - 36. Let i be f(18). Suppose -4*g + 10 = 3*y, i*y = -2*y + 4*g + 20. Suppose -y*x - 6*x = -1392. List the prime factors of x.
2, 29
Suppose 0 = -16*l + 18*l - 520. Let c be l - (-1 + 1)/(0 + 1). Suppose 2*a + a - 5*m = 205, -4*m - c = -4*a. What are the prime factors of a?
2, 3, 5
Let j(k) = 4*k**3 + k**2 - 15*k - 26. List the prime factors of j(11).
2, 37, 71
Suppose 0 = -5*f + 5*d + 25, 0 = 4*f + 5*d - 7*d - 22. Let m(q) = 14*q**2 - 12*q - 7. Let p be m(f). Suppose -59*j + 54*j = -p. What are the prime factors of j?
5, 17
Suppose -11838 - 402 = 12*o. What are the prime factors of 2/17 + (-314040)/o?
2, 7, 11
Suppose -4*r = -21*b + 20*b + 15702, -2*b - 4*r + 31440 = 0. List the prime factors of b.
2, 3, 97
Let l = 23 + -23. Suppose 2*i + 4*g + 16 = l, 3 + 7 = -5*i - 4*g. List the prime factors of 52 - i - (-8)/(-4).
2, 3
Let m(q) = q**2 + 5*q - 61. Let y be m(14). Let k = y - 18. List the prime factors of k.
11, 17
Let j = -42 - -75. Suppose 2*a = z + j, -6 = -4*a - 3*z + 35. Suppose 0 = -a*t + 4*t + 720. List the prime factors of t.
2, 3
Suppose 22 = c - 56. Suppose 5*s + 237 = -c. Let w = s - -88. List the prime factors of w.
5
Let g(l) = -2258*l**3 - 4*l**2 - 12*l - 20. List the prime factors of g(-2).
2, 4513
Let x(w) = w**2 + w. Let l(a) = -130*a**2 - 11*a + 23. Let f(h) = -l(h) - 3*x(h). List the prime factors of f(2).
3, 167
Suppose 51 = -3*d - 54. Let p = 113 + d. Suppose h + 5*h - p = 0. List the prime factors of h.
13
Let x(b) = 2*b**2 + 3*b - 24. Suppose 5*n - 16 = 4. Let r be x(n). Suppose 2*a - r = -2*d, 0*d = -4*d - 4. List the prime factors of a.
11
Let a be (-316 - 7)*(-2)/(-2). Suppose -69*j + 333 = -72*j. Let f = j - a. List the prime factors of f.
2, 53
Let s(p) = -p. Let i(y) be the second derivative of y**3/2 + 67*y**2 - 29*y. Let w(z) = i(z) - 2*s(z). List the prime factors of w(0).
2, 67
Let i(v) = 3*v**3 - 20*v**2 + 116*v + 10. List the prime factors of i(23).
3, 9533
Let u = 62499 - 43257. List the prime factors of u.
2, 3, 1069
Suppose 3*a + 157*i = 162*i + 24664, -3*a + 3*i = -24672. What are the prime factors of a?
2, 11, 17
Suppose -4*z + 11 + 14 = 5*a, -2*z + a + 23 = 0. Let s be 1/z - (-17858)/20. Suppose o - 5*o + 574 = 2*m, 3*m = 2*o + s. What are the prime factors of m?
5, 59
Let f(j) = -20*j + 174. Let w be f(9). What are the prime factors of (w - 187/(-33)) + (-3007)/(-3)?
2, 3, 167
Suppose -9*a - 47 + 101 = 0. Suppose 2*p - 4912 = -a*p. What are the prime factors of p?
2, 307
Suppose 5*y = 7*u - 8*u + 47685, 2*y - 190884 = -4*u. List the prime factor